e
Let y be (-27 + 25)*5/2. Is y/(15/9) - -1262 composite?
False
Suppose 3*x - 925489 = -2*p, -p = 66*x - 65*x - 308494. Is x a prime number?
True
Let y(q) be the third derivative of -7*q**6/15 - 3*q**5/20 - 23*q**4/24 - q**3/6 - 2*q**2 - 26*q. Is y(-3) a composite number?
False
Let p(j) = 319*j**2 + j. Let c be p(-2). Suppose 5*b = -2*q - 663 + 3854, -2*b = 2*q - c. Suppose -312 - b = -3*m. Is m a prime number?
True
Suppose -x + 22 = 2*x + 4*c, 5*x + 3*c = 44. Suppose -3*s = x*s - 4953. Is s a composite number?
True
Let z(c) = -c**3 + 10*c**2 + c. Let u be z(10). Let a be 9/(45/(-2)) + (-7946)/u. Is 6/((-72)/a)*4 a composite number?
True
Let o = -18 - -16. Let d be 191/(0 - o/6). Suppose -d = -4*a + a. Is a a prime number?
True
Suppose 172833 = 205*y - 46*y. Is y a prime number?
True
Is (-125671)/(-2) + 902/164 a prime number?
False
Let h be 8/4 + -4 - -204. Suppose -k + 97 + h = 0. Suppose 3*q - 1918 = -5*t, -5*t - 1536 = -2*q - k. Is q a prime number?
True
Suppose 5*w = 12*w + 140. Let h = w - -22. Suppose -l = -2*l - k + 183, -h*l + 4*k = -390. Is l a prime number?
False
Let q = 2283 - 119. Suppose 5*c - 5*k = 14645, 0 = c + 3*k - q - 781. Is c composite?
True
Let f = 49 - 5. Let q = 54 - f. Suppose -5*z - 3*h = -1285 - 594, 5*h = -q. Is z a composite number?
True
Suppose 6 = -5*y - b, 5*b + 0 + 3 = 2*y. Let q be 4*y*(-4)/(-16). Is 613 - (-1 - -2) - q a composite number?
False
Let k(c) = -2*c**3 - 15*c**2 - 4*c - 6. Let i be k(-7). Let d be i/(-12)*(-664)/3. Let t = -231 - d. Is t composite?
True
Is (1/2)/(216/1940976) prime?
True
Let r(b) be the second derivative of 163*b**7/420 + b**5/120 - 23*b**4/12 + 9*b. Let g(c) be the third derivative of r(c). Is g(-1) composite?
True
Suppose 159*w - 1692058 = 1647737. Is w composite?
True
Let x(z) = -363*z**2 + 48*z - 22. Let i be x(-7). Is i/(-380)*24/2 a composite number?
True
Suppose 20*h = 25*h - 5*i - 221545, 2*h - 88624 = 3*i. Is h a prime number?
False
Let j(q) = 8*q**3 + 8*q**2 + 305*q + 114. Is j(47) a composite number?
True
Let b = 4207137 + -2893996. Is b prime?
True
Let v(d) = 14*d**3 + 4*d**2 - 6*d + 4. Suppose -5*w + 15 = 0, 5*w - 6*w - 9 = -4*s. Let k be v(s). Suppose i - 331 = k. Is i prime?
False
Suppose -11 = -2*o - 5*x, 0*o - o - 5*x + 8 = 0. Let p(w) = 1169*w - 1. Let t be p(1). Suppose -863 - t = -o*m. Is m a prime number?
True
Let u be -2*(-2 - (-39)/6). Let s = u + -12. Is 21*s/(-36)*4 composite?
True
Let q(p) = -269*p - 119. Let n be q(-7). Let a = 543 + n. Is a a composite number?
True
Suppose -c = 0, 3*c = -2*n - 0*n + 8. Suppose 0 = j - 5, 12*j = -n*r + 7*j + 10349. Is r a prime number?
False
Suppose -2*t + q + 15 = 0, -t + 20 = -4*q + q. Suppose t*s + 815 = 4*s. Let x = 1581 + s. Is x prime?
False
Let r = 7 - 1. Let p be (12/15)/(r/45). Let f(t) = 2*t**2 + 11*t - 7. Is f(p) a composite number?
False
Let o = 28 - 20. Is (-3)/(-6)*8336/o composite?
False
Suppose 3*v = -v - 25*v + 11175817. Is v composite?
True
Let f = 2158 - 5334. Let x = 1984 + f. Let n = -743 - x. Is n a composite number?
False
Let c be ((-244)/(-6))/((-2)/5010*-10). Let q = c + -1408. Is q a prime number?
True
Is (-1 + 0)/(870475359/33479823 - 26) prime?
True
Suppose 0 = b - 3, 7*p - 22157 = -3*b + 73395. Is p a prime number?
True
Let q = -192405 - -594112. Is q a composite number?
False
Suppose -6 = -2*u + 2*c - 24, 0 = -4*u - c - 56. Is 14269296/1027 - (-2)/u composite?
True
Let r(a) = 101*a**2 + 18*a - 157. Is r(30) composite?
False
Let x = 3 - 2. Let f(o) be the third derivative of 17*o**6/5 + o**5/60 + o**4/24 - o**3/6 - 278*o**2. Is f(x) composite?
False
Suppose 10 - 2 = 2*r, -5*r = 3*m - 22793. Let l = m - 2162. Is l prime?
False
Let u be (-49731)/(-15) + (54/(-10) - -6). Suppose 11607 + u = l. Is l prime?
True
Let w be 1*((-20)/(-80) + (-40963)/(-4)). Suppose 3*x + 5119 = -3*f + 4*f, -5*x = -2*f + w. Suppose -2*n = -f + 1526. Is n a prime number?
True
Is (-12)/10 - (-9 - (-14386065)/(-75)) a composite number?
True
Suppose -109*n + 61*n = 93*n - 513381. Is n a composite number?
True
Let x = 7 - 2. Suppose 5*a = -0*a - x*h + 4460, 0 = -a + h + 882. Is a a prime number?
True
Let g(s) = 23202*s - 1963. Is g(12) composite?
False
Suppose 5*f - 13311 = -y, -4*f + 2104 = 2*y - 8546. Let a = -1065 + f. Is a a prime number?
True
Let w(f) = -22*f**3 + 3*f**2 - 11*f - 33. Let v be w(-3). Suppose -b = 0, y - 2988 + 440 = 3*b. Suppose -2*x + v = c + x, 4*c - y = 4*x. Is c prime?
False
Let z be 94/(4/16764*6). Let r = 45600 - z. Is r/65*(-5)/1 a composite number?
False
Let s = 26190 - 6583. Is s composite?
True
Suppose -9*c + 5*c = -7*v - 588751, 4*v - 441517 = -3*c. Is c a composite number?
False
Let i = -87819 - -171440. Is i prime?
True
Suppose -2*x + 189491 = -5*i, -12*i - 284262 = -3*x - 13*i. Is x composite?
True
Suppose -4*w + 137588 = -4*i, -3*w - 12116 = -2*i - 115313. Is w a composite number?
False
Let a(v) be the first derivative of -v**4/2 + v**3 - v**2 - 11*v + 4. Let x be a(-5). Suppose w - 76 = 2*g + 1, 0 = -4*w + 4*g + x. Is w composite?
True
Let u = -126 - -126. Suppose -108*k + 110*k - 5702 = u. Is k composite?
False
Let s = -151634 + 258571. Is s a prime number?
True
Let s(v) = 43*v + 1799. Let z be s(-46). Let o = -1599 + 807. Let c = z - o. Is c a composite number?
False
Let n = -107 - -110. Suppose 5 = -p + n*j, 5*p - 5*j - 6 = -1. Is (32/p)/4*(-9502)/(-4) composite?
False
Suppose -4*p + 28196 = 4*t, 16*t = 11*t + 30. Is p a prime number?
True
Let w(g) be the second derivative of -1988*g**3/3 + 13*g**2/2 - 66*g. Is w(-1) prime?
True
Let p = 9 + -9. Suppose x = 1, 0*x - 5012 = -5*o + 3*x. Suppose -2*y + 2 = 0, -y - o = -4*f - p*f. Is f prime?
True
Let n(a) = 138*a + 15. Let p be n(14). Let w = -656 + p. Is w composite?
False
Suppose -346812 = 1801*s - 1813*s. Is s prime?
True
Let h(r) = 76*r**2 + r. Suppose -15*t - 17 + 227 = 0. Let q be 18/t + (-2)/14*2. Is h(q) prime?
False
Suppose -6*v = -24 - 6. Suppose 4*d = 3*c + 6545, v*d - 2*d + 5*c = 4916. Is d composite?
False
Let i(c) be the first derivative of 67*c**3/3 - 65*c**2/2 + 19*c + 121. Is i(9) a prime number?
True
Is (0 - (-882007)/2)*7690/5383 a composite number?
True
Let q(z) = z**2 + 20*z + 23. Let n be q(-19). Suppose n*m = -m + 9*m. Suppose -5*h + 3665 = 2*d, -h + m*d = 3*d - 733. Is h composite?
False
Let v(y) = -3*y - 52. Let x be v(-19). Suppose -2240 + 7965 = -x*i. Let l = -424 - i. Is l prime?
False
Let g = 256688 - 179817. Is g prime?
True
Let i(j) = 4*j - 44. Suppose 37*x - 16*x = 231. Let u be i(x). Let b(h) = 4*h + 6353. Is b(u) a composite number?
False
Suppose -3*l = -3*n - 7*l + 59079, 78747 = 4*n - 3*l. Is n a composite number?
True
Suppose -13*i - 109 - 671 = 0. Is 3663 + i/(-3 + -7) prime?
False
Let z be 6/(-4)*-2*(-5)/(-3). Let m be (-1 - (-1 - z)) + -2. Suppose 2*j - 2319 = 3*d, j - d - 1147 = m*d. Is j prime?
False
Let q = -386290 + 741319. Is q a prime number?
False
Let u(h) = 625*h + 69*h**3 + 9 + 95*h**3 + 8*h**2 - 636*h. Is u(4) composite?
False
Suppose 0*p - 4*p - 4 = 0. Is ((-757)/p)/((-1 - -2)/1) a composite number?
False
Suppose -i = 3*u - 89, -2*i + 148 = 2*u + 3*u. Is ((-32235)/u)/(4/(-8)) a prime number?
False
Let i(d) = -184*d - 41. Let h be i(-27). Let l = h + -1268. Is l a composite number?
False
Let h = 45860 + -33199. Is h composite?
True
Suppose -5 = p + 7. Let z(b) = 15*b**2 - 2*b + 19. Let f be z(4). Let n = f + p. Is n a composite number?
False
Let g(m) = 16*m + 154. Let x be g(-9). Suppose -15*u = 2*s - x*u - 24899, 0 = -2*s + 4*u + 24854. Is s a prime number?
True
Let s = 57 - 56. Let a be (16/4 + -4)*s. Suppose 0 = -a*c - 7*c + 8302. Is c prime?
False
Suppose 3*v + 12 - 21 = 0. Suppose v*b = -507 + 7200. Is b composite?
True
Suppose 3*c - 3*p - 335313 = 0, 9*p + 8 = 7*p. Is c a prime number?
True
Suppose -40 = f + b - 123, -3*f - 4*b = -252. Is (-1*2909)/(8/f*-5) a prime number?
False
Let l(k) = 213*k + 653. Is l(6) prime?
True
Suppose 1196692 = 333*d - 305*d. Is d prime?
False
Suppose -219*j - 3*h + 763420 = -214*j, h + 763440 = 5*j. Is j a composite number?
True
Suppose -221*y + 123153627 + 31096196 = 0. Is y a prime number?
False
Let w = -13157 + 19236. Is w prime?
True
Let v = -18743 - -6779. Let b = 31337 + v. Is b composite?
False
Let z be 3160/(-44) + (-4)/22. Let k be z*107*(-